 a, 693*a = 5*f + 698*a - 410. Calculate the remainder when 333 is divided by f.
33
Let w be (756/24)/7 - (-1)/2. Suppose -8*m + 77 = -5*m + w*z, 3*z + 64 = 4*m. What is the remainder when 51 is divided by m?
13
Let o(s) = 2*s**2 + 29*s + 102. Suppose 19*u - 26 = 2*v + 22*u, 3*u = 3*v + 24. Calculate the remainder when 59 is divided by o(v).
11
Suppose -4*x + 223 = -15*p + 10*p, -p - 227 = -4*x. What is the remainder when 78 is divided by x?
21
Suppose 84*g - 3260 - 3140 = 1193 - 789. Let j = 24 + -3. Calculate the remainder when g is divided by j.
18
Suppose 0 = -27*s - 13*s + 880. Let n be (110/8)/(5/(-20)). Let a = 96 + n. Calculate the remainder when a is divided by s.
19
Let i(t) = -150*t - 2215. Calculate the remainder when i(-15) is divided by 25.
10
Let t(x) = -3*x**2 + 68*x - 240. Calculate the remainder when 2135 is divided by t(18).
11
Let h(n) = -n**3 + 8*n**2 - 11*n + 9. Let v be h(5). Let r = -10 + v. Suppose -r*w + 18*w + 4 = 0. Calculate the remainder when 11 is divided by w.
3
Let v(q) = -q**3 + 16*q**2 - 3*q + 51. Let d be v(16). Suppose -10*c + d*c = -623. What is the remainder when c is divided by 30?
29
Let p(y) = 256*y - 2806. Suppose -3*t + t + 13 = j, 4*j + t - 66 = 0. Calculate the remainder when j is divided by p(11).
7
Let y = -351923 - -351979. Let p = 249 - 83. What is the remainder when p is divided by y?
54
Calculate the remainder when 3663 + 4 + 2 + 5 is divided by 105.
104
Let x = -2827 + 3206. What is the remainder when x is divided by 109?
52
Calculate the remainder when -1 + 2242282/98 - (1 - (-4)/(-7)) is divided by 143.
142
Suppose 28*w - 33*w - 5*j = -325, 5*j + 20 = 0. Calculate the remainder when 130 is divided by w.
61
Suppose -108*z + 109*z - 46 = -u, 16 = 4*u. What is the remainder when 258 is divided by z?
6
What is the remainder when 152 is divided by 25 - (247/13 + -16)?
20
Suppose -4*b + 32 = -2*g, -4*b = -5*g + 20 - 52. Suppose 3*o - 2 = 4*r - 7, 3*r = 3*o. Suppose -76 = -r*x - 16. What is the remainder when x is divided by b?
4
Suppose 4*c = -c + 95. Suppose 5*a + 35 = 0, 3*l - 3*a + 28 - 77 = a. Calculate the remainder when c is divided by l.
5
Let p(a) = 44*a**2 + 1. Suppose 48*l - 4 = 46*l. Suppose -l*q = -11*q + 207. What is the remainder when p(1) is divided by q?
22
What is the remainder when (-4)/(-18) + ((-1356740)/(-36))/35 is divided by 58?
33
Let l(h) = -2*h**3 - 23*h**2 + 59*h - 22. Calculate the remainder when 281 is divided by l(-14).
17
Suppose -3*k + 110 = -4*b, 2*k - 3*b = 2*b + 71. Let i = 67 - k. What is the remainder when 200 is divided by i?
26
Let x(s) = -5*s - 39. Suppose -v = -4*m - 32, 2*v + 0*v = 3*m + 24. Let l(w) = w**2 + w - 1. Calculate the remainder when l(-2) is divided by x(m).
0
Let z(v) = v**3 - 4*v**2 + v - 14. Calculate the remainder when 289 is divided by z(7).
9
Let w(o) = -o**3 + 2*o**2 + 2*o + 5. Let n be w(2). Suppose 0 = -d - 5*l + 47, n*d - 5*d = l + 104. What is the remainder when 214 is divided by d?
25
Suppose 0 = 61*a - 8148 - 2222. What is the remainder when a is divided by 159?
11
Let j(s) = 47*s**2 + 1878*s + 72. What is the remainder when 876 is divided by j(-40)?
116
Let k = 516 - 474. Suppose 0 = 40*n - k*n + 708. What is the remainder when n is divided by 51?
48
Let g = 1541 - 1524. Let m = -33 + 22. Let a = m + g. Calculate the remainder when 10 is divided by a.
4
Let f = 48 + -40. Suppose f = 19*y - 15*y. Suppose b - p + 30 = 74, 5*p = y*b - 82. Calculate the remainder when b is divided by 16.
14
Let g(r) = 503*r + 3647. Calculate the remainder when g(-7) is divided by 104.
22
Let o = 33 + -27. Calculate the remainder when -3*-2*131/o is divided by (-6)/(-15) + ((-504)/5)/(-3).
29
Let x(f) = 12*f**2 + 337*f + 39. Suppose 6*d + 144 = 3*d. Let p = -8 - d. Calculate the remainder when p is divided by x(-28).
7
Let s(i) = 37*i + 416. Let r = -2 - -4. Suppose z + 12 = r*z - 5*j, 3*z + 2*j = 70. What is the remainder when s(-9) is divided by z?
17
Suppose 466*z - 1600 = 471*z. Let u = z + 381. Calculate the remainder when u is divided by 25.
11
Calculate the remainder when 440 is divided by (-1 - -8) + 2829/(5 - -18).
50
Let n = -143 + 146. Suppose 35 = t - 3*f, 2*t - 78 = -4*f + 2*f. Calculate the remainder when t is divided by 100/5*(n - 13/5).
6
Suppose -5*a + 5*a - 15 = -a. What is the remainder when 718 is divided by a?
13
Let k = 4 + -50. Let w be (0 - k/(-4)) + 3/6. Let j(m) = m**3 + 10*m**2 - 16*m + 24. What is the remainder when j(w) is divided by 20?
19
Let f = -4 + 8. Suppose 0 = 2*g - 6*g - f. Let y(t) = -20*t**3 + 1. Calculate the remainder when y(g) is divided by 12.
9
Let q = 24 + 95. Let m = -218 + q. Let b = -88 - m. Calculate the remainder when 29 is divided by b.
7
Let q(z) = 2*z + 40. Let k be q(-6). Suppose -3*s - c - c = -32, -4*c = -2*s + 16. Calculate the remainder when s is divided by 11/4 + 7/k - 0.
1
Let n = 3018 - 1831. What is the remainder when n is divided by 85?
82
Let a = -3992 + 4022. Calculate the remainder when 191 is divided by a.
11
Suppose 15*z + 11*z - 130 = 0. Suppose 0*u = -2*u - 2*g + 38, z*u - 91 = -3*g. Calculate the remainder when 133 is divided by u.
14
Let g = -5949 + 6571. Calculate the remainder when g is divided by 242.
138
Let o = 0 - 11. Let t = o - -13. Let v = 6 - -2. Calculate the remainder when v is divided by t.
0
Let k be (-1790)/(-26) + (-11)/(572/(-8)). Suppose -h = 4*u - 15, -6*u + k = 3*h - 2*u. What is the remainder when h is divided by 14?
13
Suppose 4592 = 11*w + 1226. Calculate the remainder when w is divided by 12.
6
Let o(x) = -67*x**3 + x**2 - x - 1. Let j be o(1). Let a = 70 + j. Calculate the remainder when 118 is divided by (187/(-51))/(a/(-6)).
8
Suppose -3*k = -k + 46. Let u(j) = -j**2 + 7*j + 64. Calculate the remainder when -4 + (-2 - (k - 2)) is divided by u(12).
3
What is the remainder when 848 is divided by ((-24129)/(-77))/9 - (-2 - (-40)/22)?
8
Let n be 2/(-2 + 40/15). Suppose -2*o - 2*j + 456 = 0, 16*o - n*j = 20*o - 917. Calculate the remainder when o is divided by 61.
50
Suppose 0 = 803*n - 705*n - 6272. What is the remainder when n is divided by 57?
7
Let w(u) = 2*u - 3. Let m be w(6). Let z(a) = -a**3 + 10*a**2 - 6*a - 4. Calculate the remainder when 85 is divided by z(m).
16
Suppose -p + 231 = -0*p. Suppose 3*n - 6*t + 9*t = 84, -n - 5*t + 24 = 0. What is the remainder when p is divided by n?
28
Suppose 0 = 3*k + 3*h - 42, -3*k + 267*h = 269*h - 41. What is the remainder when 4702 is divided by k?
9
Suppose -3*k - 1114 = -4*w, -4*w - 2*k = w - 1404. What is the remainder when 636 is divided by w?
76
Calculate the remainder when (-63 + 9)/(-9) - -14*(-9208)/(-16) is divided by 218.
215
Let t be (-4 + 7)/((-4)/12*-3). Suppose -t*r = 4*z - 82 - 55, -143 = -3*r - 7*z. Let f(y) = -85*y. Calculate the remainder when f(-1) is divided by r.
42
Suppose 5*h - 665 = 415 - 215. What is the remainder when h is divided by 12?
5
Suppose 3*b + 2*b = 3*p + 242, 134 = 3*b + p. Let t be (-14)/35 - 34/(-10) - -1. Suppose -t*f = -8*f + 96. Calculate the remainder when b is divided by f.
22
Suppose 28 = y + 5*b, 19 = 3*y - 4*b + 30. Suppose -226 = -y*j + 410. Calculate the remainder when j is divided by 55.
47
Let j be (347/2)/((-40)/(-80)). What is the remainder when j + -17 + -2 + (-1 - -7) is divided by 56?
54
Let d = 388 + -383. Suppose -k - 4*y = 13 - 62, 0 = d*y - 5. Calculate the remainder when 87 is divided by k.
42
Let p = 33771 + -33650. What is the remainder when 1932 is divided by p?
117
Calculate the remainder when ((-4)/(-120) - 1189/870)*(-183)/4 is divided by -2*(-18)/8*2.
7
Calculate the remainder when 467 - (3/(-45)*51 - (-2)/5) is divided by 116.
6
Let t = -1620 - -2184. What is the remainder when t is divided by 150?
114
Let x(b) = -b**3 + 15*b**2 + 14*b + 33. Let y be x(16). Calculate the remainder when 154 is divided by (52/(-4))/(y/(-2)).
24
Suppose 187*q - 1111 = 4312. What is the remainder when 603 is divided by q?
23
Calculate the remainder when (-26)/(((-99)/(-279))/11)*-1 is divided by 19.
8
Let o = -39 - -57. Let g be (-2)/7 + 900/(-84). What is the remainder when (2*(-10 + 6))/(1/g) is divided by o?
16
Suppose 5*x - 2*w = -21 - 116, 96 = -4*x + 5*w. Let b = -14 - x. Suppose 193 - b = 2*f. Calculate the remainder when f is divided by 46.
43
Let q